u) = 60*u**2 - 63*u - 190. What is j(-3)?
539
Let b(t) = -t**3 - 71*t**2 - 210*t - 411. Give b(-68).
-3
Let s(p) = p**2 - p - 144. Give s(-10).
-34
Let l(w) = -86*w**3 - 4985*w**2 + 173*w - 60. Give l(-58).
-2
Let n(d) = d**3 - 47*d**2 - 97*d + 17. Determine n(49).
66
Let q(b) = 33*b**3 - 6*b**2 - 7*b + 10. Determine q(1).
30
Let i(z) = -5*z**2 - 110*z + 29. What is i(-22)?
29
Let a(s) = 4*s**3 - 13*s**2 + 9*s - 11. Determine a(5).
209
Let w(q) = -9*q - 168. Determine w(4).
-204
Let o(d) = 2*d**3 + 364*d**2 + 1769*d - 183. Calculate o(-177).
-6
Let x(k) = -64*k + 2472. What is x(39)?
-24
Let n(p) = 8*p**3 - 7*p**2 - 12*p + 8. Give n(-2).
-60
Let o(h) = 8*h**2 - 106*h - 213. Give o(-2).
31
Let m(n) = -3*n**3 - 7*n**2 + n + 53. Determine m(-4).
129
Let c(g) = -g**3 - 14*g**2 + 77*g + 924. What is c(-15)?
-6
Let b(l) = l**3 - 27*l**2 + 121*l + 786. Give b(13).
-7
Let w(l) = 487*l + 492. Calculate w(-1).
5
Let u(l) = -l**2 + 283*l - 19449. What is u(165)?
21
Let q(w) = -317*w - 5276. What is q(-17)?
113
Let p(v) = -v**2 + 402*v - 40076. Give p(219).
1
Let v(r) = 7*r**3 - 4*r**2 - 4*r + 15. Give v(3).
156
Let p(w) = -w**3 + 110*w**2 - 821*w + 19. Calculate p(8).
-21
Let y(x) = -4*x**2 + 270*x + 1359. Give y(-5).
-91
Let d(k) = -14*k**2 + 67*k + 8. Calculate d(5).
-7
Let x(b) = 953*b - 40033. Determine x(42).
-7
Let x(c) = 2*c**2 + 51*c + 329. What is x(-12)?
5
Let m(z) = -1454*z + 14553. Give m(10).
13
Let g(w) = -1117*w + 6799. What is g(6)?
97
Let i(u) = -u**3 + 26*u**2 + 35*u - 33. Calculate i(27).
183
Let p(h) = h**3 + 10*h**2 - 29*h - 14. Determine p(-12).
46
Let p(q) = 4*q**2 + 908*q + 16564. Calculate p(-20).
4
Let z(g) = 5*g**2 - 159*g + 439. What is z(3)?
7
Let p(w) = -2*w**2 - 79*w + 52. Calculate p(-36).
304
Let s(n) = n**3 + 7*n**2 + 11*n + 15. Calculate s(-6).
-15
Let a(q) = -q**3 - 13*q**2 - 65*q - 209. Give a(-11).
264
Let d(q) = -q**3 + 19*q**2 + 57*q - 758. What is d(20)?
-18
Let u(i) = 3*i**2 - 4*i - 24. Determine u(-4).
40
Let l(z) = -z**2 - 25*z + 93. Give l(-30).
-57
Let d(s) = -16*s**2 - 98*s - 3. What is d(-5)?
87
Let i(p) = p**2 + 60*p + 401. What is i(-8)?
-15
Let l(d) = 1833*d + 12826. Give l(-7).
-5
Let m(j) = -2*j**2 - 106*j - 1036. What is m(-13)?
4
Let z(c) = -c**3 - 24*c**2 + c - 263. What is z(-24)?
-287
Let x(b) = 2*b**2 - 36*b + 191. Calculate x(8).
31
Let z(o) = o**3 + 19*o**2 - 53*o - 1612. Determine z(-16).
4
Let g(x) = -3*x**3 + 72*x**2 - 76*x + 174. What is g(23)?
13
Let j(z) = 5*z**2 - 15*z + 38. Determine j(9).
308
Let w(q) = q**3 + 30*q**2 + 70*q + 1175. Determine w(-29).
-14
Let n(a) = -a**3 - 18*a**2 + 110*a. Determine n(4).
88
Let o(z) = -409*z - 17595. What is o(-43)?
-8
Let b(h) = 329*h + 1646. What is b(-5)?
1
Let y(j) = 65*j**2 + 17*j + 2. What is y(-1)?
50
Let f(s) = s**3 + 17*s**2 + 86*s + 1143. What is f(-16)?
23
Let u(o) = o**2 + 23*o + 32. Calculate u(-17).
-70
Let a(h) = 218*h - 6541. Calculate a(30).
-1
Let t(h) = 2*h**2 + 16288*h - 65192. Give t(4).
-8
Let w(t) = -3*t**2 + 256*t - 4839. Determine w(57).
6
Let z(p) = p**3 + 69*p**2 - 79*p + 53. What is z(-70)?
683
Let v(o) = o**3 - 15*o**2 + 21*o + 57. Calculate v(14).
155
Let p(v) = v**3 - 382*v**2 - 120*v + 45844. Give p(382).
4
Let l(j) = 119*j - 5973. Calculate l(51).
96
Let f(z) = 10*z**2 + 376*z - 6200. What is f(-50)?
0
Let a(u) = 34*u - 62. Give a(10).
278
Let u(f) = -f**3 - 8*f**2 - 25*f - 39. Determine u(-5).
11
Let f(v) = -3*v**3 - 77*v**2 + 27*v + 14. What is f(-26)?
-12
Let z(u) = -u**3 - 5*u**2 + 90*u + 36. Determine z(-12).
-36
Let w(c) = 5*c**2 + 7*c + 4. Determine w(2).
38
Let r(b) = -128*b + 4411. Determine r(35).
-69
Let q(m) = -m**3 - 47*m**2 - 110*m - 906. Calculate q(-45).
-6
Let w(c) = -19*c - 56. Calculate w(9).
-227
Let i(t) = 2*t**2 - 96*t - 309. Give i(-3).
-3
Let w(o) = 2*o**2 - 72*o + 305. What is w(31)?
-5
Let b(v) = -v**2 - 23*v - 126. Give b(-14).
0
Let y(o) = 83*o + 524. What is y(-6)?
26
Let t(y) = 3*y**2 - 45*y + 62. What is t(17)?
164
Let v(i) = -7*i**3 - 3*i**2 - 4*i + 6. What is v(-4)?
422
Let g(c) = 56*c - 78. Give g(9).
426
Let t(i) = 31*i + 605. Calculate t(-21).
-46
Let o(j) = j**3 - 15*j**2 + 85*j - 775. Calculate o(13).
-8
Let z(i) = i**2 - 108*i + 606. Calculate z(102).
-6
Let f(o) = -7*o - 370. Determine f(-52).
-6
Let c(p) = 7469*p - 22409. Calculate c(3).
-2
Let d(r) = 16*r**2 - 107*r - 3. What is d(6)?
-69
Let n(d) = 2*d**2 - 87*d + 245. Give n(3).
2
Let s(m) = 38*m + 27. Give s(1).
65
Let c(l) = 17*l**3 + 3*l**2 - 2*l - 38. Determine c(0).
-38
Let x(p) = -2*p**2 - 109*p - 247. Determine x(-3).
62
Let s(v) = 198*v - 976. What is s(5)?
14
Let b(u) = 3*u**2 - 277*u - 3637. Determine b(104).
3
Let z(k) = k + 53. What is z(11)?
64
Let i(c) = -c**2 + 23*c + 53. Give i(-4).
-55
Let m(k) = 80*k + 142. Give m(-5).
-258
Let o(x) = -15*x - 275. Calculate o(-16).
-35
Let v(t) = -t**2 + 10*t - 39. Give v(4).
-15
Let p(n) = n**3 + 10*n**2 - 19*n - 18. Determine p(-12).
-78
Let v(u) = 379*u - 3057. Calculate v(8).
-25
Let p(z) = z**3 - 5*z**2 + 4*z + 20. What is p(-3)?
-64
Let r(l) = -1588*l + 4735. Calculate r(3).
-29
Let c(h) = -289*h + 1776. Determine c(6).
42
Let w(a) = -3*a**3 + 68*a**2 - 109*a + 76. Determine w(21).
-8
Let f(h) = -h**2 - 1044*h - 5182. Determine f(-5).
13
Let u(i) = 2*i**2 + 82*i - 896. Calculate u(-50).
4
Let z(u) = 7*u**2 - 630*u - 37. What is z(90)?
-37
Let n(c) = c**2 + 14*c - 159. Give n(-22).
17
Let x(u) = -u**2 - 5*u - 3. Determine x(-5).
-3
Let z(d) = 216*d - 1730. Calculate z(8).
-2
Let a(i) = 7*i - 40. Determine a(10).
30
Let l(w) = w**3 + 17*w**2 + 17*w + 8. Give l(-16).
-8
Let w(u) = 3*u**2 - 18*u + 73. Calculate w(7).
94
Let q(r) = -44*r + 90. Give q(3).
-42
Let o(j) = -j**3 - 23*j**2 - 119*j - 119. Calculate o(-16).
-7
Let l(q) = -q - 2. Give l(3).
-5
Let h(l) = -l**3 + 29*l**2 + 5*l - 163. What is h(29)?
-18
Let m(a) = -6*a + 348. Determine m(23).
210
Let m(j) = j**3 + j**2 - 2*j + 8. Determine m(4).
80
Let r(o) = 45*o**2 + 189*o + 4. What is r(-5)?
184
Let j(p) = p**2 + 55*p + 792. Give j(-27).
36
Let v(i) = -183*i**2 + 1478*i - 35. What is v(8)?
77
Let n(i) = -37*i**2 + 1299*i - 81. What is n(35)?
59
Let g(n) = -n**3 + 101*n**2 + 201*n + 507. Determine g(103).
-8
Let a(d) = -d**3 + 5*d - 5. Calculate a(0).
-5
Let p(b) = 1610*b - 67621. What is p(42)?
-1
Let o(w) = 79*w**2 + 96*w + 1. What is o(-1)?
-16
Let p(m) = 2*m**2 + 49*m - 75. Give p(-23).
-144
Let h(u) = -2*u**2 + 136*u + 563. Determine h(-4).
-13
Let x(t) = -65*t**2 + 16*t - 23. Determine x(2).
-251
Let v(f) = -12*f**2 - 290*f - 45. Give v(-24).
3
Let k(w) = w**2 + 229*w + 8771. What is k(-49)?
-49
Let z(y) = 71*y**3 - 7*y**2 + 8*y - 2. Give z(1).
70
Let h(t) = 5*t**3 + 5*t**2 + 20*t + 15. Determine h(-1).
-5
Let a(q) = -123*q + 982. Give a(8).
-2
Let b(l) = 66*l - 17. What is b(2)?
115
Let o(i) = -i**3 + 11*i**2 - 24*i + 12. Give o(5).
42
Let m(p) = -p**2 + 17*p - 53. Give m(8).
19
Let z(w) = -3*w + 90. Determine z(11).
57
Let k(s) = 2*s**2 - 51*s - 138. Determine k(28).
2
Let t(u) = -2*u**3 + 39*u**2 - 16*u - 142. Give t(20).
-862
Let l(m) = 2*m**3 + 21*m**2 + 33*m + 27. Determine l(-9).
-27
Let o(u) = -u**3 - 27*u**2 + 35*u + 55. What is o(-28)?
-141
Let t(d) = -149*d + 872. Determine t(6).
-22
Let w(d) = 658*d - 2001. Calculate w(3).
-27
Let o(u) = -64*u - 688. Calculate o(-11).
16
Let h(d) = -563*d - 557. Give h(-1).
6
Let i(w) = 92*w**2 + 3*w + 4. Give i(-1).
93
Let j(d) = -3*d**2 - 17*d - 7. Give j(-4).
13
Let d(l) = 71*l - 225. What is d(3)?
-12
Let w(v) = 568*v + 11854. What is w(-21)?
-74
Let s(t) = t**2 + 29*t + 115. Determine s(-21).
-53
Let w(f) = -6*f**3 - 14*f**2 + 11*f + 23. Calculate w(-3).
26
Let p(z) = 65*z + 4095. Calculate p(-63).
0
Let y(p) = p**2 + 41*p + 50. Determine y(-40).
10
Let y(l) = -2*l**2 - 75*l - 423. Determine y(-7).
4
Let r(m) = -m**2 + 108*m - 311. Calculate r(3).
4
Let x(k) = 762*k + 2300. Give x(-3).
14
Let n(c) = c**2 + 41*c + 43. What is n(-36)?
-137
Let a(t) = -86*t + 10058. What is a(117)?
-4
Let h(n) = -985*n - 4934. Determine h(-5).
-9
Let g(v) = -3*v**2 - 364*v - 10516. Calculate g(-74).
-8
Let k(c) = -c**3 + 40*c**2 - 48*c + 1915. Calculate k(40).
-5
Let y(u) = -11*u + 242. Determine y(28).
-66
Let l(o) = -5*o - 42. What is l(7)?
-77
Let w(z) = -z**3 - 18*z**2 